 -o = -5*m + 7407, -4*o = -m + 6*m - 7397. Is m prime?
True
Let l be 1 + -44*1 - 2. Is ((-10)/(-3))/((-10)/l) composite?
True
Suppose 2*h - 728 = -4*t + 6*h, 0 = -2*t + 4*h + 374. Suppose -t - 11 = -4*x. Is x a composite number?
False
Suppose -249 = 5*f - 1094. Is f prime?
False
Let z(r) be the second derivative of -1/2*r**3 + 0 - 2*r - 1/2*r**2. Is z(-5) prime?
False
Let i(o) = 437*o + 6. Let x be i(-9). Is (2/(-3))/(14/x) composite?
True
Suppose 0*y = 2*y + 5*z - 2503, -3 = z. Is y composite?
False
Let q(u) = 41*u**3 - u**2 + 2*u + 1. Is q(2) a composite number?
True
Suppose 0 = -4*v - 16, -71 + 235 = 2*f - 3*v. Let h = -41 + f. Is h a composite number?
True
Let r = 6 - 3. Let g(d) = -2 + 3*d - d + 4*d**2 - 3*d**3 - 3*d**r + d**3. Is g(-3) a prime number?
True
Let o be (1 - 0)/((-4)/(-8)). Let t(i) = 4*i**3 - i**2 + 2*i - 1. Is t(o) a composite number?
False
Let c(w) = w**3 + 6*w**2 - 7*w - 2. Let j be c(-7). Let l = j - -11. Is (66/l)/((-4)/(-30)) composite?
True
Let q = 9 + -13. Let a(l) = l**2 + 6*l + 5. Let n be a(q). Is 16 - (-6 + (0 - n)) a prime number?
True
Let n = 747 - 262. Is n a prime number?
False
Suppose 0 = 3*l + 3*x + 27, 5*x = 5*l + x + 9. Is (-1686)/l + (-1)/5 a composite number?
False
Suppose 2*g = -p + 2, 13 = -2*p + 2*g + 5. Is p/(-1) + -4 + 69 a prime number?
True
Let k = -21 + 11. Let h(g) = -7*g - 3. Is h(k) a prime number?
True
Let d be 185 - (1 - -3 - 2). Suppose -d + 628 = 5*y. Is y composite?
False
Let r(v) = 63*v**2 - 15*v - 5. Is r(6) a prime number?
False
Let k(y) = 8*y**2 - 14*y + 13. Is k(10) prime?
True
Suppose 3*x - 2*x = 2. Let l = x - 0. Is (-2)/(l - 48/22) a composite number?
False
Suppose -d - w = -3*d + 19, d + 3*w - 13 = 0. Let o be (2 + d/(-4))*-4. Suppose 0 = 2*u + 4*i - i - 80, 3*i = o*u - 68. Is u composite?
False
Suppose 5*a - 5*s = -0*s + 4535, -1814 = -2*a + 4*s. Is a prime?
True
Is 4 - (2 - (2 - -19)) prime?
True
Suppose 5*g = 92 + 23. Is g a prime number?
True
Is (-747)/(-81) + 2/(-9) prime?
False
Suppose 2*v + 5*t - 1 = 4*v, v = -t + 3. Suppose -2*z = v*z + 12. Is (244/(-6) + z)*-3 prime?
True
Is 15302/10 - 4/(-5) prime?
True
Let c(a) = 14*a**3 + 5*a + 3. Let h be c(-5). Is h/(-36) + 4/(-18) a composite number?
True
Let m(u) = 3*u**2 - 3*u + 3. Let a = 8 - 11. Let y be m(a). Let z = y + -16. Is z a prime number?
True
Let p be 64/24*35538/8. Is (-1)/(p/2962 - 4) prime?
True
Suppose 2620 + 1060 = 5*j. Suppose 0 = -4*c + 2*v + j, -c - 2*v = 3*c - 752. Let x = c - 25. Is x prime?
False
Let m(r) = 48*r**2 + 1. Let t be m(1). Let f = -28 + t. Is f a composite number?
True
Suppose 3*w = 5*t + 12, -w = -3*w - 4*t - 14. Is 3/w*211/(-3) a composite number?
False
Suppose -f = 1, -3*s + 3*f = 2*s - 113. Suppose -5*g = -4*a + s, -3*g = a - g + 1. Suppose a*k - 19 = 212. Is k a composite number?
True
Let i(j) = 20*j**2 - 9*j - 7. Is i(-6) a prime number?
False
Suppose 4*h - 184 = 4*r, r = -3*r + 5*h - 185. Let s = 104 + r. Is s a prime number?
True
Suppose 2*x + 4*p = 4, p + 2 = x - 3*p. Let h(b) = b**3 + 0*b**2 + 4*b**2 + 3*b - 7*b**2 - 1 + b**x. Is h(4) a composite number?
False
Let z = 2370 - 1405. Is z composite?
True
Is -2 + (-12)/(-3) + (363 - -2) prime?
True
Let q(t) be the third derivative of 19*t**6/120 - t**5/60 + t**4/12 - t**3/6 - t**2. Is q(3) a prime number?
True
Let o(g) = -g**2 + g + 2. Let r be 1*(2 + -1)*0. Let f be o(r). Is -2 + 1/f*34 a prime number?
False
Suppose -h = -3*w + 2*h + 3195, 3*h + 2128 = 2*w. Is w composite?
True
Let g(r) = 4*r**3 + 2*r**2 - 3*r. Is g(2) a composite number?
True
Let s = -65 - -98. Is s a composite number?
True
Let i be 2/3 - 824/(-6). Let t = i - -181. Is t composite?
True
Let l(f) = f**2 + 4*f - 3. Let a be l(-13). Let c = 5 - 2. Is 2/c*a/4 a prime number?
True
Suppose 4*z = 12, -v - 2*z + 6 = -8. Suppose -5*u = 5*a - 265, -u - 253 = 3*a - v*a. Is a a prime number?
False
Suppose 4*c = 2*c + 2036. Is c a prime number?
False
Let m(r) = 6*r**2 - 3*r - 2 + 5 + 1. Suppose 0*n - 3 = n. Is m(n) prime?
True
Let h(m) be the first derivative of -m**4/4 + 13*m**3/3 - m**2/2 + 5*m + 9. Is h(6) a prime number?
True
Let w = 85 + 138. Is w composite?
False
Suppose 126 = c + 2*v, -c = -3*v - 19 - 92. Let z be (-2)/2 - c/8. Is (-2)/(-8) - 588/z prime?
True
Let q(v) = -v**3 - 6*v**2 - 10. Let n be q(-7). Let m = n + 59. Suppose 2*k - 63 + 20 = 5*w, 5*k - 3*w - m = 0. Is k composite?
False
Suppose -f - 7 = -2*n + n, 0 = -f + 3*n - 3. Is (3 + 30/f)*-213 composite?
False
Suppose 3*h + 1055 = 8*h. Is h prime?
True
Let o be 4/14 + (-2596)/(-28). Suppose 0 = 3*c + 4*d - o, 3*d - 26 = c - 2*c. Is c a composite number?
True
Let s(h) be the third derivative of h**4/8 - 5*h**3/3 + h**2. Let q be 2/(6/27) + -2. Is s(q) prime?
True
Let g(w) = 15*w**2 - w - 5. Is g(5) a composite number?
True
Let c(z) = -z - 5. Let g be c(-10). Suppose -3*o + 38 + 16 = -3*h, 3*o = -g*h + 30. Is o a prime number?
False
Suppose -6*m = -3*m - 84. Let d = 9 + m. Is d a composite number?
False
Let q(u) = -u**3 + 5*u**2 + 6*u - 2. Let a be q(6). Let r = a - -2. Suppose -z - f = -r*f - 15, -2*z = -5*f + 5. Is z a composite number?
True
Let n be 35 - (-4)/(4 - 0). Is (-2)/(-9) + 13708/n composite?
True
Suppose z - 30 - 207 = 0. Is z a prime number?
False
Let u(s) = -37*s + 34. Is u(-7) prime?
True
Let j(g) = 216*g**3 - 5*g**2 + 5*g - 1. Is j(1) composite?
True
Let t(g) = 16*g. Let d be t(3). Suppose -8 = -3*u - u. Suppose -u*i = -134 - d. Is i a composite number?
True
Is -2 + -2 + (-3789)/(-3) a composite number?
False
Let s(q) = 2*q + 1. Let p be s(-4). Let y = 230 + p. Is y a composite number?
False
Suppose -a + 6 + 18 = i, 5*i + a - 100 = 0. Is i a composite number?
False
Let p(m) = -m**2 + 7*m + 12. Let l be p(9). Let o = 172 + l. Is o composite?
True
Let g(k) = k**3 + 3*k**2 - 4*k + 5. Suppose 4*i + 25 = y, 2*y + 4*i = y - 15. Is g(y) a prime number?
False
Let m = -7 - -10. Suppose -m*u + 27 = -0. Is u a prime number?
False
Suppose -347 = -3*z + i + i, z + 5*i = 144. Is z a composite number?
True
Suppose -3*h = 0, 4*p - 1030 = -p - 4*h. Is p a prime number?
False
Let w(b) = -b + 5. Let m be w(3). Let p(q) = q**2 - 3*q + 4. Let y be p(3). Is (m - 30/y)*-6 a prime number?
False
Is 409/(1 - 4/8) - -3 a composite number?
False
Let d = -344 - -601. Is d a composite number?
False
Let f(x) = -x**3 - 8*x**2 + 8*x + 4. Let n be f(-8). Let w = n - -85. Is w a composite number?
True
Let x(v) = 2*v**2 + 10*v + 11. Is x(-8) composite?
False
Let b(o) = -o. Let k be b(-1). Let p = 1 + k. Suppose -33 - 45 = -p*j. Is j prime?
False
Let y = -2 - -394. Let w = -235 + y. Is w a prime number?
True
Suppose 3*n - 195 = -0*n. Let u = n - 32. Is u a composite number?
True
Let a(s) = -s**2 - 21*s - 7. Is a(-11) composite?
False
Suppose -4*y = 4*m - 404, 0*m + m + 2*y = 97. Suppose m = 4*u - u. Is u prime?
False
Suppose -5*z = 3*x - 0*x - 25, -x + 2*z = 10. Suppose f + 2*f = -2*f. Suppose f = b - 35 - x. Is b a prime number?
False
Suppose 8*l + 697 = 3*p + 3*l, 465 = 2*p - 3*l. Suppose -688 = -3*i + 5*f, -5*f = i - 2*f - p. Suppose -4*z = -7*z + i. Is z prime?
False
Let g be 1/(((-3)/30)/(-1)). Let k(r) = r**3 - 6*r**2 - 11*r + 1. Let z be k(g). Let v = z + -202. Is v a composite number?
False
Let o = 8 - 1. Suppose -2*z + 4*i = 3*z - 35, -z - 2*i = -o. Is z prime?
True
Let x be ((-6)/4)/(2/(-4)). Suppose 6*l = 3*l + x. Is -1*l*(-20 + -1) prime?
False
Let t be (0 - -1 - 0)*86. Suppose -5*v + t + 159 = 0. Is v a composite number?
True
Let p(d) be the first derivative of 2 + 109*d + 1/3*d**3 + 1/2*d**2. Is p(0) prime?
True
Suppose p + 2*l = 26, 3*l + 78 = 5*p - 0*l. Suppose 6 = -m - 3*o + o, 0 = -4*m - 2*o - p. Is 3*(-2 - (m - -1)) composite?
False
Let n(g) = -g**3 + 4*g**2 + g - 1. Let t be n(4). Suppose 4*w - 16 = 0, 0*j + 5*j + t*w = 42. Let z(l) = l**2 + l - 7. Is z(j) a prime number?
False
Let g be (-2)/((-2 - -3)/(-70)). Suppose 4*y - 392 - g = 0. Is y composite?
True
Let h(y) = -628*y. Let q be h(-1). Suppose -q = 3*i - 3757. Is i a prime number?
False
Let f be (-10 - 0)*(-19)/2. Let r = -3 - -3. Suppose 6*q - q - f = r. Is q a composite number?
False
Let s(q) be the second derivative of -11*q**3/6 - q**2/2 + q. Let n = 2 + -8. Is s(n) a prime number?
False
Let k(l) = -5*l + 40. Is k(-15) a composite number?
True
Suppose 